usands digit of 17006270?
0
What is the hundreds digit of 1336815?
8
What is the hundred thousands digit of 559167?
5
What is the tens digit of 5071020?
2
What is the hundreds digit of 711374?
3
What is the thousands digit of 1307227?
7
What is the thousands digit of 1692554?
2
What is the units digit of 120568?
8
What is the millions digit of 11568275?
1
What is the millions digit of 7200362?
7
What is the hundreds digit of 520777?
7
What is the tens digit of 5125348?
4
What is the units digit of 12624359?
9
What is the ten millions digit of 24020077?
2
What is the hundreds digit of 175321?
3
What is the units digit of 331836?
6
What is the millions digit of 1132954?
1
What is the millions digit of 17966127?
7
What is the units digit of 18195740?
0
What is the tens digit of 2990761?
6
What is the ten thousands digit of 4955434?
5
What is the thousands digit of 395216?
5
What is the units digit of 2947187?
7
What is the thousands digit of 2296174?
6
What is the millions digit of 6753168?
6
What is the millions digit of 8356527?
8
What is the units digit of 15370285?
5
What is the tens digit of 2282806?
0
What is the tens digit of 1707634?
3
What is the millions digit of 7927814?
7
What is the thousands digit of 488717?
8
What is the thousands digit of 2869982?
9
What is the units digit of 196722?
2
What is the units digit of 470434?
4
What is the thousands digit of 10505879?
5
What is the ten thousands digit of 8600594?
0
What is the hundreds digit of 43018?
0
What is the thousands digit of 877747?
7
What is the hundred thousands digit of 263769?
2
What is the hundred thousands digit of 29839350?
8
What is the tens digit of 383441?
4
What is the hundreds digit of 12235849?
8
What is the units digit of 10301758?
8
What is the units digit of 1189381?
1
What is the ten thousands digit of 10869338?
6
What is the hundred thousands digit of 2039024?
0
What is the hundreds digit of 736040?
0
What is the units digit of 26699124?
4
What is the ten thousands digit of 412265?
1
What is the tens digit of 364784?
8
What is the hundreds digit of 179491?
4
What is the thousands digit of 387443?
7
What is the units digit of 930060?
0
What is the hundred thousands digit of 595715?
5
What is the ten thousands digit of 711354?
1
What is the tens digit of 6263040?
4
What is the hundred thousands digit of 386201?
3
What is the hundreds digit of 63240?
2
What is the hundred thousands digit of 301423?
3
What is the thousands digit of 1426895?
6
What is the ten thousands digit of 13203049?
0
What is the thousands digit of 76942?
6
What is the hundred thousands digit of 8595915?
5
What is the hundreds digit of 727974?
9
What is the ten thousands digit of 451371?
5
What is the thousands digit of 3294526?
4
What is the tens digit of 698453?
5
What is the thousands digit of 223764?
3
What is the hundreds digit of 724137?
1
What is the tens digit of 210671?
7
What is the thousands digit of 20348849?
8
What is the ten thousands digit of 1350255?
5
What is the hundred thousands digit of 1844476?
8
What is the millions digit of 1256413?
1
What is the thousands digit of 42349?
2
What is the units digit of 463859?
9
What is the thousands digit of 469108?
9
What is the hundred thousands digit of 380477?
3
What is the ten thousands digit of 6005494?
0
What is the ten millions digit of 14152522?
1
What is the units digit of 5104019?
9
What is the millions digit of 21867201?
1
What is the ten thousands digit of 4009339?
0
What is the units digit of 352824?
4
What is the units digit of 535960?
0
What is the thousands digit of 12960335?
0
What is the tens digit of 30836?
3
What is the ten thousands digit of 1066619?
6
What is the ten thousands digit of 5556863?
5
What is the units digit of 480126?
6
What is the hundred thousands digit of 5103382?
1
What is the units digit of 828815?
5
What is the ten thousands digit of 1009803?
0
What is the units digit of 152331?
1
What is the millions digit of 19460131?
9
What is the hundred thousands digit of 672943?
6
What is the ten thousands digit of 566723?
6
What is the tens digit of 591689?
8
What is the tens digit of 228476?
7
What is the ten thousands digit of 2739405?
3
What is the thousands digit of 8040878?
0
What is the thousands digit of 20814?
0
What is the hundreds digit of 6119930?
9
What is the thousands digit of 82326?
2
What is the millions digit of 6525937?
6
What is the hundred thousands digit of 318579?
3
What is the hundred thousands digit of 141339?
1
What is the thousands digit of 2139705?
9
What is the hundreds digit of 7244975?
9
What is the ten thousands digit of 806194?
0
What is the millions digit of 2164580?
2
What is the millions digit of 2857057?
2
What is the hundreds digit of 1069360?
3
What is the tens digit of 280923?
2
What is the ten millions digit of 12198292?
1
What is the units digit of 1186946?
6
What is the tens digit of 1029313?
1
What is the hundred thousands digit of 1998661?
9
What is the ten millions digit of 12493508?
1
What is the ten thousands digit of 1766518?
6
What is the tens digit of 307519?
1
What is the ten thousands digit of 327159?
2
What is the millions digit of 1840161?
1
What is the millions digit of 20784827?
0
What is the thousands digit of 10482925?
2
What is the units digit of 225990?
0
What is the tens digit of 2759463?
6
What is the tens digit of 8862362?
6
What is the ten thousands digit of 6431592?
3
What is the millions digit of 1522684?
1
What is the tens digit of 11785107?
0
What is the tens digit of 841094?
9
What is the units digit of 39517?
7
What is the tens digit of 19321091?
9
What is the tens digit of 62252?
5
What is the thousands digit of 4253918?
3
What is the thousands digit of 857832?
7
What is the tens digit of 1668864?
6
What is the thousands digit of 316722?
6
What is the hundred thousands digit of 8912285?
9
What is the units digit of 13956400?
0
What is the tens digit of 2393876?
7
What is the tens digit of 40303432?
3
What is the ten thousands digit of 8510575?
1
What is the ten thousands digit of 3096773?
9
What is the hundreds digit of 752064?
0
What is the millions digit of 1257763?
1
What is the units digit of 13803027?
7
What is the thousands digit of 932382?
2
What is the units digit of 411407?
7
What is the hundred thousands digit of 4697787?
6
What is the thousands digit of 2317738?
7
What is the thousands digit of 623019?
3
What is the millions digit of 11241827?
1
What is the tens digit of 470065?
6
What is the hundred thousands digit of 1404481?
4
What is the units digit of 131061?
1
What is the tens digit of 1793381?
8
What is the units digit of 1084230?
0
What is the hundreds digit of 13157396?
3
What is the units digit of 388105?
5
What is the hundreds digit of 2948912?
9
What is the thousands digit of 581299?
1
What is the units digit of 701895?
5
What is the tens digit of 213535?
3
What is the ten thousands digit of 31206437?
0
What is the hundreds digit of 2505874?
8
What is the ten thousands digit of 218852?
1
What is the thousands digit of 71889?
1
What is the ten thousands digit of 4159760?
5
What is the units digit of 1093202?
2
What is the hundreds digit of 11876022?
0
What is the hundred thousands digit of 1465776?
4
What is the hundred thousands digit of 238685?
2
What is the ten thousands digit of 1560764?
6
What is the hundred thousands digit of 17178613?
1
What is the hundred thousands digit of 1924117?
9
What is the ten thousands digit of 539105?
3
What is the hundreds digit of 392891?
8
What is the hundred thousands digit of 1740350?
7
What is the hundreds digit of 493212?
2
What is the units digit of 7712853?
3
What is the hundred thousands digit of 9520187?
5
What is the hundreds digit of 49097?
0
What is the ten thousands digit of 283816?
8
What is the hundreds digit of 707674?
6
What is the ten thousands digit of 2333094?
3
What is the hundred thousands digit of 868466?
8
What is the tens digit of 220175?
7
What is the ten thousands digit of 22178597?
7
What is the tens digit of 10299665?
6
What is the tens digit of 1324282?
8
What is the ten thousands digit of 1207756?
0
What is the hundred thousands digit of 2597547?
5
What is the thousands digit of 19935?
9
What is the thousands digit of 365017?
5
What is the units